{"id":788,"date":"2023-05-10T09:38:18","date_gmt":"2023-05-10T09:38:18","guid":{"rendered":"https:\/\/api.orkiestrahistoryczna.pl\/?post_type=koncerty&#038;p=788"},"modified":"2023-10-21T05:59:12","modified_gmt":"2023-10-21T05:59:12","slug":"gdansk","status":"publish","type":"koncerty","link":"https:\/\/api.orkiestrahistoryczna.pl\/index.php\/koncerty\/gdansk\/","title":{"rendered":"Gda\u0144sk"},"content":{"rendered":"","protected":false},"featured_media":0,"template":"","category_type":[],"archieve_concerts":[30],"acf":{"koncert":{"image":{"ID":793,"id":793,"title":"Gda\u0144sk h-moll","filename":"Gdansk-h-moll.jpg","filesize":32667,"url":"https:\/\/api.orkiestrahistoryczna.pl\/wp-content\/uploads\/2023\/05\/Gdansk-h-moll.jpg","link":"https:\/\/api.orkiestrahistoryczna.pl\/index.php\/koncerty\/gdansk\/gdansk-h-moll-2\/","alt":"","author":"6","description":"","caption":"","name":"gdansk-h-moll-2","status":"inherit","uploaded_to":788,"date":"2023-05-10 09:37:36","modified":"2023-05-10 09:37:36","menu_order":0,"mime_type":"image\/jpeg","type":"image","subtype":"jpeg","icon":"https:\/\/api.orkiestrahistoryczna.pl\/wp-includes\/images\/media\/default.png","width":512,"height":691,"sizes":{"thumbnail":"https:\/\/api.orkiestrahistoryczna.pl\/wp-content\/uploads\/2023\/05\/Gdansk-h-moll-150x150.jpg","thumbnail-width":150,"thumbnail-height":150,"medium":"https:\/\/api.orkiestrahistoryczna.pl\/wp-content\/uploads\/2023\/05\/Gdansk-h-moll-222x300.jpg","medium-width":222,"medium-height":300,"medium_large":"https:\/\/api.orkiestrahistoryczna.pl\/wp-content\/uploads\/2023\/05\/Gdansk-h-moll.jpg","medium_large-width":512,"medium_large-height":691,"large":"https:\/\/api.orkiestrahistoryczna.pl\/wp-content\/uploads\/2023\/05\/Gdansk-h-moll.jpg","large-width":512,"large-height":691,"1536x1536":"https:\/\/api.orkiestrahistoryczna.pl\/wp-content\/uploads\/2023\/05\/Gdansk-h-moll.jpg","1536x1536-width":512,"1536x1536-height":691,"2048x2048":"https:\/\/api.orkiestrahistoryczna.pl\/wp-content\/uploads\/2023\/05\/Gdansk-h-moll.jpg","2048x2048-width":512,"2048x2048-height":691,"post-thumbnail":"https:\/\/api.orkiestrahistoryczna.pl\/wp-content\/uploads\/2023\/05\/Gdansk-h-moll.jpg","post-thumbnail-width":512,"post-thumbnail-height":691}},"title":"Bach - Msza h-moll BWV 232","artist":"Kulchynska | Davies | Tr\u00fcmpy | Godlewski | Pastuszka | \u0141ukaszewski Schola Cantorum Gedanensis","day":"Sobota 20:00","date":"17'06'2023","city":"Gda\u0144sk","place":"Archikatedra Oliwska w Gda\u0144sku","description":"","link":"","canceled":false,"tickets_soon":false}},"translations":{"pl":{"slug":"gdansk","categories":["archiwum"]},"en":{"slug":"gdansk","categories":["archives"]}},"_links":{"self":[{"href":"https:\/\/api.orkiestrahistoryczna.pl\/index.php\/wp-json\/wp\/v2\/koncerty\/788"}],"collection":[{"href":"https:\/\/api.orkiestrahistoryczna.pl\/index.php\/wp-json\/wp\/v2\/koncerty"}],"about":[{"href":"https:\/\/api.orkiestrahistoryczna.pl\/index.php\/wp-json\/wp\/v2\/types\/koncerty"}],"wp:attachment":[{"href":"https:\/\/api.orkiestrahistoryczna.pl\/index.php\/wp-json\/wp\/v2\/media?parent=788"}],"wp:term":[{"taxonomy":"category_type","embeddable":true,"href":"https:\/\/api.orkiestrahistoryczna.pl\/index.php\/wp-json\/wp\/v2\/category_type?post=788"},{"taxonomy":"archieve_concerts","embeddable":true,"href":"https:\/\/api.orkiestrahistoryczna.pl\/index.php\/wp-json\/wp\/v2\/archieve_concerts?post=788"}],"curies":[{"name":"wp","href":"https:\/\/api.w.org\/{rel}","templated":true}]}}

Gdańsk

Gdańsk h-moll

Kulchynska | Davies | Trümpy | Godlewski | Pastuszka | Łukaszewski Schola Cantorum Gedanensis

Archikatedra Oliwska w Gdańsku
