{"id":545,"date":"2021-10-28T18:16:49","date_gmt":"2021-10-28T18:16:49","guid":{"rendered":"https:\/\/api.orkiestrahistoryczna.pl\/index.php\/koncerty\/literacki-i-muzyczny-biecz\/"},"modified":"2022-06-13T13:10:45","modified_gmt":"2022-06-13T13:10:45","slug":"literacki-i-muzyczny-biecz","status":"publish","type":"koncerty","link":"https:\/\/api.orkiestrahistoryczna.pl\/index.php\/koncerty\/literacki-i-muzyczny-biecz\/?lang=en","title":{"rendered":"Literacki i muzyczny Biecz"},"content":{"rendered":"","protected":false},"featured_media":0,"template":"","category_type":[],"archieve_concerts":[],"acf":{"koncert":{"image":{"ID":304,"id":304,"title":"plakat po korekcie","filename":"plakat-po-korekcie.jpg","filesize":995532,"url":"https:\/\/api.orkiestrahistoryczna.pl\/wp-content\/uploads\/2021\/10\/plakat-po-korekcie.jpg","link":"https:\/\/api.orkiestrahistoryczna.pl\/index.php\/koncerty\/literacki-i-muzyczny-biecz\/plakat-po-korekcie\/","alt":"","author":"3","description":"","caption":"","name":"plakat-po-korekcie","status":"inherit","uploaded_to":303,"date":"2021-10-28 18:12:57","modified":"2021-10-28 18:12:57","menu_order":0,"mime_type":"image\/jpeg","type":"image","subtype":"jpeg","icon":"https:\/\/api.orkiestrahistoryczna.pl\/wp-includes\/images\/media\/default.png","width":1417,"height":2000,"sizes":{"thumbnail":"https:\/\/api.orkiestrahistoryczna.pl\/wp-content\/uploads\/2021\/10\/plakat-po-korekcie-150x150.jpg","thumbnail-width":150,"thumbnail-height":150,"medium":"https:\/\/api.orkiestrahistoryczna.pl\/wp-content\/uploads\/2021\/10\/plakat-po-korekcie-213x300.jpg","medium-width":213,"medium-height":300,"medium_large":"https:\/\/api.orkiestrahistoryczna.pl\/wp-content\/uploads\/2021\/10\/plakat-po-korekcie-768x1084.jpg","medium_large-width":750,"medium_large-height":1059,"large":"https:\/\/api.orkiestrahistoryczna.pl\/wp-content\/uploads\/2021\/10\/plakat-po-korekcie-726x1024.jpg","large-width":726,"large-height":1024,"1536x1536":"https:\/\/api.orkiestrahistoryczna.pl\/wp-content\/uploads\/2021\/10\/plakat-po-korekcie-1088x1536.jpg","1536x1536-width":1088,"1536x1536-height":1536,"2048x2048":"https:\/\/api.orkiestrahistoryczna.pl\/wp-content\/uploads\/2021\/10\/plakat-po-korekcie.jpg","2048x2048-width":1417,"2048x2048-height":2000,"post-thumbnail":"https:\/\/api.orkiestrahistoryczna.pl\/wp-content\/uploads\/2021\/10\/plakat-po-korekcie.jpg","post-thumbnail-width":1417,"post-thumbnail-height":2000}},"title":"Domine ostende | Poka\u017c mi Pana","artist":"Jarz\u0119bski | Schultz | Subissati | Mielczewski | Rosenmuller","day":"pi\u0105tek, godz. 17.00","date":"5 ' 11 ' 2021","city":"Biecz","place":"Biblioteka w Bieczu","description":"","link":"https:\/\/www.biblioteka.biecz.pl\/literacki-biecz-waclawa-potockiego-pazdziernik-listopad-2021\/","canceled":false,"tickets_soon":false}},"translations":{"pl":{"slug":"literacki-i-muzyczny-biecz"},"en":{"slug":"literacki-i-muzyczny-biecz"}},"_links":{"self":[{"href":"https:\/\/api.orkiestrahistoryczna.pl\/index.php\/wp-json\/wp\/v2\/koncerty\/545"}],"collection":[{"href":"https:\/\/api.orkiestrahistoryczna.pl\/index.php\/wp-json\/wp\/v2\/koncerty"}],"about":[{"href":"https:\/\/api.orkiestrahistoryczna.pl\/index.php\/wp-json\/wp\/v2\/types\/koncerty"}],"wp:attachment":[{"href":"https:\/\/api.orkiestrahistoryczna.pl\/index.php\/wp-json\/wp\/v2\/media?parent=545"}],"wp:term":[{"taxonomy":"category_type","embeddable":true,"href":"https:\/\/api.orkiestrahistoryczna.pl\/index.php\/wp-json\/wp\/v2\/category_type?post=545"},{"taxonomy":"archieve_concerts","embeddable":true,"href":"https:\/\/api.orkiestrahistoryczna.pl\/index.php\/wp-json\/wp\/v2\/archieve_concerts?post=545"}],"curies":[{"name":"wp","href":"https:\/\/api.w.org\/{rel}","templated":true}]}}

Domine ostende | Pokaż mi Pana

Jarzębski | Schultz | Subissati | Mielczewski | Rosenmuller

piątek, godz. 17.00
