{"id":336,"date":"2022-03-08T18:10:16","date_gmt":"2022-03-08T18:10:16","guid":{"rendered":"https:\/\/api.orkiestrahistoryczna.pl\/?post_type=koncerty&#038;p=336"},"modified":"2022-06-16T09:07:40","modified_gmt":"2022-06-16T09:07:40","slug":"die-junger-zu-emaus","status":"publish","type":"koncerty","link":"https:\/\/api.orkiestrahistoryczna.pl\/index.php\/koncerty\/die-junger-zu-emaus\/","title":{"rendered":"Die J\u00fcnger zu Emaus"},"content":{"rendered":"","protected":false},"featured_media":0,"template":"","category_type":[],"archieve_concerts":[30],"acf":{"koncert":{"image":{"ID":357,"id":357,"title":"5.MisteriaPaschalia_13.04.22_foto_dufaj.e","filename":"5.MisteriaPaschalia_13.04.22_foto_dufaj.e.jpg","filesize":706311,"url":"https:\/\/api.orkiestrahistoryczna.pl\/wp-content\/uploads\/2022\/03\/5.MisteriaPaschalia_13.04.22_foto_dufaj.e.jpg","link":"https:\/\/api.orkiestrahistoryczna.pl\/index.php\/koncerty\/die-junger-zu-emaus\/5-misteriapaschalia_13-04-22_foto_dufaj-e\/","alt":"","author":"3","description":"","caption":"","name":"5-misteriapaschalia_13-04-22_foto_dufaj-e","status":"inherit","uploaded_to":336,"date":"2022-04-18 06:46:59","modified":"2022-04-18 06:46:59","menu_order":0,"mime_type":"image\/jpeg","type":"image","subtype":"jpeg","icon":"https:\/\/api.orkiestrahistoryczna.pl\/wp-includes\/images\/media\/default.png","width":2000,"height":1333,"sizes":{"thumbnail":"https:\/\/api.orkiestrahistoryczna.pl\/wp-content\/uploads\/2022\/03\/5.MisteriaPaschalia_13.04.22_foto_dufaj.e-150x150.jpg","thumbnail-width":150,"thumbnail-height":150,"medium":"https:\/\/api.orkiestrahistoryczna.pl\/wp-content\/uploads\/2022\/03\/5.MisteriaPaschalia_13.04.22_foto_dufaj.e-300x200.jpg","medium-width":300,"medium-height":200,"medium_large":"https:\/\/api.orkiestrahistoryczna.pl\/wp-content\/uploads\/2022\/03\/5.MisteriaPaschalia_13.04.22_foto_dufaj.e-768x512.jpg","medium_large-width":750,"medium_large-height":500,"large":"https:\/\/api.orkiestrahistoryczna.pl\/wp-content\/uploads\/2022\/03\/5.MisteriaPaschalia_13.04.22_foto_dufaj.e-1024x682.jpg","large-width":750,"large-height":500,"1536x1536":"https:\/\/api.orkiestrahistoryczna.pl\/wp-content\/uploads\/2022\/03\/5.MisteriaPaschalia_13.04.22_foto_dufaj.e-1536x1024.jpg","1536x1536-width":1536,"1536x1536-height":1024,"2048x2048":"https:\/\/api.orkiestrahistoryczna.pl\/wp-content\/uploads\/2022\/03\/5.MisteriaPaschalia_13.04.22_foto_dufaj.e.jpg","2048x2048-width":2000,"2048x2048-height":1333,"post-thumbnail":"https:\/\/api.orkiestrahistoryczna.pl\/wp-content\/uploads\/2022\/03\/5.MisteriaPaschalia_13.04.22_foto_dufaj.e-1568x1045.jpg","post-thumbnail-width":1568,"post-thumbnail-height":1045}},"title":"Die J\u00fcnger zu Emaus","artist":"Jacob Schuback","day":"poniedzia\u0142ek, godz. 18.00","date":"18 ' 04 ' 2022","city":"Krak\u00f3w","place":"Centrum Kongresowe ICE Krak\u00f3w","description":"Stefan Sbonnik | Tom\u00e1\u0161 Kr\u00e1l | Sreten Manojlovi\u0107 | Ch\u00f3r Polskiego Radia | {oh!} Orkiestra Historyczna | Maria Piotrowska-Bogalecka | Martyna Pastuszka","link":"https:\/\/misteriapaschalia.com\/event\/jacob-schuback-die-junger-zu-emaus\/","canceled":false,"tickets_soon":false}},"translations":{"pl":{"slug":"die-junger-zu-emaus","categories":["archiwum"]},"en":{"slug":"die-junger-zu-emaus","categories":["archives"]}},"_links":{"self":[{"href":"https:\/\/api.orkiestrahistoryczna.pl\/index.php\/wp-json\/wp\/v2\/koncerty\/336"}],"collection":[{"href":"https:\/\/api.orkiestrahistoryczna.pl\/index.php\/wp-json\/wp\/v2\/koncerty"}],"about":[{"href":"https:\/\/api.orkiestrahistoryczna.pl\/index.php\/wp-json\/wp\/v2\/types\/koncerty"}],"wp:attachment":[{"href":"https:\/\/api.orkiestrahistoryczna.pl\/index.php\/wp-json\/wp\/v2\/media?parent=336"}],"wp:term":[{"taxonomy":"category_type","embeddable":true,"href":"https:\/\/api.orkiestrahistoryczna.pl\/index.php\/wp-json\/wp\/v2\/category_type?post=336"},{"taxonomy":"archieve_concerts","embeddable":true,"href":"https:\/\/api.orkiestrahistoryczna.pl\/index.php\/wp-json\/wp\/v2\/archieve_concerts?post=336"}],"curies":[{"name":"wp","href":"https:\/\/api.w.org\/{rel}","templated":true}]}}

Die Jünger zu Emaus

poniedziałek, godz. 18.00

Kraków

Centrum Kongresowe ICE Kraków

Stefan Sbonnik | Tomáš Král | Sreten Manojlović | Chór Polskiego Radia | {oh!} Orkiestra Historyczna | Maria Piotrowska-Bogalecka | Martyna Pastuszka
