{"id":335,"date":"2022-03-01T09:05:00","date_gmt":"2022-03-01T09:05:00","guid":{"rendered":"https:\/\/api.orkiestrahistoryczna.pl\/?post_type=koncerty&#038;p=335"},"modified":"2022-06-16T09:07:53","modified_gmt":"2022-06-16T09:07:53","slug":"davide-penitente","status":"publish","type":"koncerty","link":"https:\/\/api.orkiestrahistoryczna.pl\/index.php\/koncerty\/davide-penitente\/","title":{"rendered":"Davide penitente"},"content":{"rendered":"","protected":false},"featured_media":0,"template":"","category_type":[],"archieve_concerts":[30],"acf":{"koncert":{"image":{"ID":354,"id":354,"title":"Projekt bez tytu\u0142u (11)","filename":"Projekt-bez-tytulu-11-scaled.jpg","filesize":89574,"url":"https:\/\/api.orkiestrahistoryczna.pl\/wp-content\/uploads\/2022\/03\/Projekt-bez-tytulu-11-scaled.jpg","link":"https:\/\/api.orkiestrahistoryczna.pl\/index.php\/koncerty\/davide-penitente\/projekt-bez-tytulu-11\/","alt":"","author":"3","description":"","caption":"","name":"projekt-bez-tytulu-11","status":"inherit","uploaded_to":335,"date":"2022-03-28 14:44:45","modified":"2022-03-28 14:44:45","menu_order":0,"mime_type":"image\/jpeg","type":"image","subtype":"jpeg","icon":"https:\/\/api.orkiestrahistoryczna.pl\/wp-includes\/images\/media\/default.png","width":2560,"height":2146,"sizes":{"thumbnail":"https:\/\/api.orkiestrahistoryczna.pl\/wp-content\/uploads\/2022\/03\/Projekt-bez-tytulu-11-150x150.jpg","thumbnail-width":150,"thumbnail-height":150,"medium":"https:\/\/api.orkiestrahistoryczna.pl\/wp-content\/uploads\/2022\/03\/Projekt-bez-tytulu-11-300x251.jpg","medium-width":300,"medium-height":251,"medium_large":"https:\/\/api.orkiestrahistoryczna.pl\/wp-content\/uploads\/2022\/03\/Projekt-bez-tytulu-11-768x644.jpg","medium_large-width":750,"medium_large-height":629,"large":"https:\/\/api.orkiestrahistoryczna.pl\/wp-content\/uploads\/2022\/03\/Projekt-bez-tytulu-11-1024x858.jpg","large-width":750,"large-height":628,"1536x1536":"https:\/\/api.orkiestrahistoryczna.pl\/wp-content\/uploads\/2022\/03\/Projekt-bez-tytulu-11-1536x1288.jpg","1536x1536-width":1536,"1536x1536-height":1288,"2048x2048":"https:\/\/api.orkiestrahistoryczna.pl\/wp-content\/uploads\/2022\/03\/Projekt-bez-tytulu-11-2048x1717.jpg","2048x2048-width":2048,"2048x2048-height":1717,"post-thumbnail":"https:\/\/api.orkiestrahistoryczna.pl\/wp-content\/uploads\/2022\/03\/Projekt-bez-tytulu-11-1568x1314.jpg","post-thumbnail-width":1568,"post-thumbnail-height":1314}},"title":"Davide penitente","artist":"Niccol\u00f2 Jommelli | Wolfgang Amadeusz Mozart ","day":"\u015broda, godz. 20.00","date":"13 ' 04 ' 2022","city":"Krak\u00f3w","place":"Centrum Kongresowe ICE ","description":"Vox Luminis XL | {oh!} Orkiestra Historyczna | Lionel Meunier | Martyna Pastuszka","link":"https:\/\/misteriapaschalia.com\/event\/wielka-sroda\/","canceled":false,"tickets_soon":false}},"translations":{"pl":{"slug":"davide-penitente","categories":["archiwum"]},"en":{"slug":"davide-penitente","categories":["archives"]}},"_links":{"self":[{"href":"https:\/\/api.orkiestrahistoryczna.pl\/index.php\/wp-json\/wp\/v2\/koncerty\/335"}],"collection":[{"href":"https:\/\/api.orkiestrahistoryczna.pl\/index.php\/wp-json\/wp\/v2\/koncerty"}],"about":[{"href":"https:\/\/api.orkiestrahistoryczna.pl\/index.php\/wp-json\/wp\/v2\/types\/koncerty"}],"wp:attachment":[{"href":"https:\/\/api.orkiestrahistoryczna.pl\/index.php\/wp-json\/wp\/v2\/media?parent=335"}],"wp:term":[{"taxonomy":"category_type","embeddable":true,"href":"https:\/\/api.orkiestrahistoryczna.pl\/index.php\/wp-json\/wp\/v2\/category_type?post=335"},{"taxonomy":"archieve_concerts","embeddable":true,"href":"https:\/\/api.orkiestrahistoryczna.pl\/index.php\/wp-json\/wp\/v2\/archieve_concerts?post=335"}],"curies":[{"name":"wp","href":"https:\/\/api.w.org\/{rel}","templated":true}]}}

Projekt bez tytułu (11)

Niccolò Jommelli | Wolfgang Amadeusz Mozart

środa, godz. 20.00

Kraków
