{"id":309,"date":"2021-11-29T21:01:04","date_gmt":"2021-11-29T21:01:04","guid":{"rendered":"https:\/\/api.orkiestrahistoryczna.pl\/?post_type=koncerty&#038;p=309"},"modified":"2022-02-18T20:23:15","modified_gmt":"2022-02-18T20:23:15","slug":"muzyczne-popoludnia-w-muzeum-slaskim","status":"publish","type":"koncerty","link":"https:\/\/api.orkiestrahistoryczna.pl\/index.php\/koncerty\/muzyczne-popoludnia-w-muzeum-slaskim\/","title":{"rendered":"Muzyczne popo\u0142udnia w Muzeum \u015al\u0105skim"},"content":{"rendered":"","protected":false},"featured_media":0,"template":"","category_type":[],"archieve_concerts":[],"acf":{"koncert":{"image":{"ID":310,"id":310,"title":"oh orkiestra historyczna","filename":"DSC_8891-scaled.jpg","filesize":689226,"url":"https:\/\/api.orkiestrahistoryczna.pl\/wp-content\/uploads\/2021\/11\/DSC_8891-scaled.jpg","link":"https:\/\/api.orkiestrahistoryczna.pl\/index.php\/koncerty\/muzyczne-popoludnia-w-muzeum-slaskim\/dsc_8891\/","alt":"","author":"3","description":"","caption":"","name":"dsc_8891","status":"inherit","uploaded_to":309,"date":"2021-11-29 20:56:49","modified":"2021-11-29 20:57:14","menu_order":0,"mime_type":"image\/jpeg","type":"image","subtype":"jpeg","icon":"https:\/\/api.orkiestrahistoryczna.pl\/wp-includes\/images\/media\/default.png","width":2560,"height":1709,"sizes":{"thumbnail":"https:\/\/api.orkiestrahistoryczna.pl\/wp-content\/uploads\/2021\/11\/DSC_8891-150x150.jpg","thumbnail-width":150,"thumbnail-height":150,"medium":"https:\/\/api.orkiestrahistoryczna.pl\/wp-content\/uploads\/2021\/11\/DSC_8891-300x200.jpg","medium-width":300,"medium-height":200,"medium_large":"https:\/\/api.orkiestrahistoryczna.pl\/wp-content\/uploads\/2021\/11\/DSC_8891-768x513.jpg","medium_large-width":750,"medium_large-height":501,"large":"https:\/\/api.orkiestrahistoryczna.pl\/wp-content\/uploads\/2021\/11\/DSC_8891-1024x684.jpg","large-width":750,"large-height":501,"1536x1536":"https:\/\/api.orkiestrahistoryczna.pl\/wp-content\/uploads\/2021\/11\/DSC_8891-1536x1025.jpg","1536x1536-width":1536,"1536x1536-height":1025,"2048x2048":"https:\/\/api.orkiestrahistoryczna.pl\/wp-content\/uploads\/2021\/11\/DSC_8891-2048x1367.jpg","2048x2048-width":2048,"2048x2048-height":1367,"post-thumbnail":"https:\/\/api.orkiestrahistoryczna.pl\/wp-content\/uploads\/2021\/11\/DSC_8891-1568x1047.jpg","post-thumbnail-width":1568,"post-thumbnail-height":1047}},"title":"Concerti grossi na czas adwentu","artist":"Francesco Geminiani","day":"czwartek, godz. 18.00","date":"9 ' 12 ' 2021","city":"Katowice","place":"Muzeum \u015al\u0105skie","description":"","link":"https:\/\/muzeumslaskie.pl\/pl\/aktualnosci\/muzyczne-popoludnia-muzeum-slaskim-koncert-oh-orkiestry-historycznej-2\/","canceled":false,"tickets_soon":false}},"translations":{"pl":{"slug":"muzyczne-popoludnia-w-muzeum-slaskim"},"en":{"slug":"muzyczne-popoludnia-w-muzeum-slaskim"}},"_links":{"self":[{"href":"https:\/\/api.orkiestrahistoryczna.pl\/index.php\/wp-json\/wp\/v2\/koncerty\/309"}],"collection":[{"href":"https:\/\/api.orkiestrahistoryczna.pl\/index.php\/wp-json\/wp\/v2\/koncerty"}],"about":[{"href":"https:\/\/api.orkiestrahistoryczna.pl\/index.php\/wp-json\/wp\/v2\/types\/koncerty"}],"wp:attachment":[{"href":"https:\/\/api.orkiestrahistoryczna.pl\/index.php\/wp-json\/wp\/v2\/media?parent=309"}],"wp:term":[{"taxonomy":"category_type","embeddable":true,"href":"https:\/\/api.orkiestrahistoryczna.pl\/index.php\/wp-json\/wp\/v2\/category_type?post=309"},{"taxonomy":"archieve_concerts","embeddable":true,"href":"https:\/\/api.orkiestrahistoryczna.pl\/index.php\/wp-json\/wp\/v2\/archieve_concerts?post=309"}],"curies":[{"name":"wp","href":"https:\/\/api.w.org\/{rel}","templated":true}]}}

Muzyczne popołudnia w Muzeum Śląskim

Muzeum Śląskie
