{"id":279,"date":"2021-10-01T11:11:55","date_gmt":"2021-10-01T11:11:55","guid":{"rendered":"https:\/\/api.orkiestrahistoryczna.pl\/?post_type=koncerty&#038;p=279"},"modified":"2022-02-18T20:23:40","modified_gmt":"2022-02-18T20:23:40","slug":"koncert-w-brnie","status":"publish","type":"koncerty","link":"https:\/\/api.orkiestrahistoryczna.pl\/index.php\/koncerty\/koncert-w-brnie\/","title":{"rendered":"Koncert Vranov\/k. Brna"},"content":{"rendered":"","protected":false},"featured_media":0,"template":"","category_type":[],"archieve_concerts":[],"acf":{"koncert":{"image":{"ID":283,"id":283,"title":"Czarny i Bia\u0142y Zdje\u0328cie Prosty Kolaz\u0307 Post na Facebook","filename":"Czarny-i-Bialy-Zdje\u0328cie-Prosty-Kolaz\u0307-Post-na-Facebook.png","filesize":488985,"url":"https:\/\/api.orkiestrahistoryczna.pl\/wp-content\/uploads\/2021\/10\/Czarny-i-Bialy-Zdje\u0328cie-Prosty-Kolaz\u0307-Post-na-Facebook.png","link":"https:\/\/api.orkiestrahistoryczna.pl\/index.php\/koncerty\/koncert-w-brnie\/czarny-i-bialy-zdje%cc%a8cie-prosty-kolaz%cc%87-post-na-facebook\/","alt":"","author":"3","description":"","caption":"","name":"czarny-i-bialy-zdje%cc%a8cie-prosty-kolaz%cc%87-post-na-facebook","status":"inherit","uploaded_to":279,"date":"2021-10-09 08:53:05","modified":"2021-10-09 08:53:05","menu_order":0,"mime_type":"image\/png","type":"image","subtype":"png","icon":"https:\/\/api.orkiestrahistoryczna.pl\/wp-includes\/images\/media\/default.png","width":940,"height":788,"sizes":{"thumbnail":"https:\/\/api.orkiestrahistoryczna.pl\/wp-content\/uploads\/2021\/10\/Czarny-i-Bialy-Zdje\u0328cie-Prosty-Kolaz\u0307-Post-na-Facebook-150x150.png","thumbnail-width":150,"thumbnail-height":150,"medium":"https:\/\/api.orkiestrahistoryczna.pl\/wp-content\/uploads\/2021\/10\/Czarny-i-Bialy-Zdje\u0328cie-Prosty-Kolaz\u0307-Post-na-Facebook-300x251.png","medium-width":300,"medium-height":251,"medium_large":"https:\/\/api.orkiestrahistoryczna.pl\/wp-content\/uploads\/2021\/10\/Czarny-i-Bialy-Zdje\u0328cie-Prosty-Kolaz\u0307-Post-na-Facebook-768x644.png","medium_large-width":750,"medium_large-height":629,"large":"https:\/\/api.orkiestrahistoryczna.pl\/wp-content\/uploads\/2021\/10\/Czarny-i-Bialy-Zdje\u0328cie-Prosty-Kolaz\u0307-Post-na-Facebook.png","large-width":750,"large-height":629,"1536x1536":"https:\/\/api.orkiestrahistoryczna.pl\/wp-content\/uploads\/2021\/10\/Czarny-i-Bialy-Zdje\u0328cie-Prosty-Kolaz\u0307-Post-na-Facebook.png","1536x1536-width":940,"1536x1536-height":788,"2048x2048":"https:\/\/api.orkiestrahistoryczna.pl\/wp-content\/uploads\/2021\/10\/Czarny-i-Bialy-Zdje\u0328cie-Prosty-Kolaz\u0307-Post-na-Facebook.png","2048x2048-width":940,"2048x2048-height":788,"post-thumbnail":"https:\/\/api.orkiestrahistoryczna.pl\/wp-content\/uploads\/2021\/10\/Czarny-i-Bialy-Zdje\u0328cie-Prosty-Kolaz\u0307-Post-na-Facebook.png","post-thumbnail-width":940,"post-thumbnail-height":788}},"title":"Grand dialogue","artist":"Martyna Pastuszka | Anna Firlus | Adam Pastuszka","day":"pi\u0105tek, 17:30","date":"15 ' 10 ' 2021","city":"Vranov | Brno","place":"Ko\u015bci\u00f3\u0142 Narodzenia Naj\u015bwi\u0119tszej Maryi Panny","description":"{oh!} trio","link":"http:\/\/www.hudebnilahudky.cz\/calendar\/","canceled":false,"tickets_soon":false}},"translations":{"pl":{"slug":"koncert-w-brnie"},"en":{"slug":"koncert-w-brnie"}},"_links":{"self":[{"href":"https:\/\/api.orkiestrahistoryczna.pl\/index.php\/wp-json\/wp\/v2\/koncerty\/279"}],"collection":[{"href":"https:\/\/api.orkiestrahistoryczna.pl\/index.php\/wp-json\/wp\/v2\/koncerty"}],"about":[{"href":"https:\/\/api.orkiestrahistoryczna.pl\/index.php\/wp-json\/wp\/v2\/types\/koncerty"}],"wp:attachment":[{"href":"https:\/\/api.orkiestrahistoryczna.pl\/index.php\/wp-json\/wp\/v2\/media?parent=279"}],"wp:term":[{"taxonomy":"category_type","embeddable":true,"href":"https:\/\/api.orkiestrahistoryczna.pl\/index.php\/wp-json\/wp\/v2\/category_type?post=279"},{"taxonomy":"archieve_concerts","embeddable":true,"href":"https:\/\/api.orkiestrahistoryczna.pl\/index.php\/wp-json\/wp\/v2\/archieve_concerts?post=279"}],"curies":[{"name":"wp","href":"https:\/\/api.w.org\/{rel}","templated":true}]}}

Czarny i Biały Zdjęcie Prosty Kolaż Post na Facebook

piątek, 17:30

Kościół Narodzenia Najświętszej Maryi Panny
