{"id":277,"date":"2021-10-01T10:52:51","date_gmt":"2021-10-01T10:52:51","guid":{"rendered":"https:\/\/api.orkiestrahistoryczna.pl\/?post_type=koncerty&#038;p=277"},"modified":"2022-02-17T13:41:59","modified_gmt":"2022-02-17T13:41:59","slug":"koncert-w-pradze","status":"publish","type":"koncerty","link":"https:\/\/api.orkiestrahistoryczna.pl\/index.php\/koncerty\/koncert-w-pradze\/","title":{"rendered":"Koncert w Pradze"},"content":{"rendered":"","protected":false},"featured_media":0,"template":"","category_type":[],"archieve_concerts":[],"acf":{"koncert":{"image":{"ID":282,"id":282,"title":"Czarny i Kremowy Zdje\u0328cie Kolaz\u0307 Wpis na Facebooku (2)","filename":"Czarny-i-Kremowy-Zdje\u0328cie-Kolaz\u0307-Wpis-na-Facebooku-2.png","filesize":423637,"url":"https:\/\/api.orkiestrahistoryczna.pl\/wp-content\/uploads\/2021\/10\/Czarny-i-Kremowy-Zdje\u0328cie-Kolaz\u0307-Wpis-na-Facebooku-2.png","link":"https:\/\/api.orkiestrahistoryczna.pl\/index.php\/koncerty\/koncert-w-pradze\/czarny-i-kremowy-zdje%cc%a8cie-kolaz%cc%87-wpis-na-facebooku-2\/","alt":"","author":"3","description":"","caption":"","name":"czarny-i-kremowy-zdje%cc%a8cie-kolaz%cc%87-wpis-na-facebooku-2","status":"inherit","uploaded_to":277,"date":"2021-10-09 08:10:04","modified":"2021-10-09 08:10:04","menu_order":0,"mime_type":"image\/png","type":"image","subtype":"png","icon":"https:\/\/api.orkiestrahistoryczna.pl\/wp-includes\/images\/media\/default.png","width":940,"height":788,"sizes":{"thumbnail":"https:\/\/api.orkiestrahistoryczna.pl\/wp-content\/uploads\/2021\/10\/Czarny-i-Kremowy-Zdje\u0328cie-Kolaz\u0307-Wpis-na-Facebooku-2-150x150.png","thumbnail-width":150,"thumbnail-height":150,"medium":"https:\/\/api.orkiestrahistoryczna.pl\/wp-content\/uploads\/2021\/10\/Czarny-i-Kremowy-Zdje\u0328cie-Kolaz\u0307-Wpis-na-Facebooku-2-300x251.png","medium-width":300,"medium-height":251,"medium_large":"https:\/\/api.orkiestrahistoryczna.pl\/wp-content\/uploads\/2021\/10\/Czarny-i-Kremowy-Zdje\u0328cie-Kolaz\u0307-Wpis-na-Facebooku-2-768x644.png","medium_large-width":750,"medium_large-height":629,"large":"https:\/\/api.orkiestrahistoryczna.pl\/wp-content\/uploads\/2021\/10\/Czarny-i-Kremowy-Zdje\u0328cie-Kolaz\u0307-Wpis-na-Facebooku-2.png","large-width":750,"large-height":629,"1536x1536":"https:\/\/api.orkiestrahistoryczna.pl\/wp-content\/uploads\/2021\/10\/Czarny-i-Kremowy-Zdje\u0328cie-Kolaz\u0307-Wpis-na-Facebooku-2.png","1536x1536-width":940,"1536x1536-height":788,"2048x2048":"https:\/\/api.orkiestrahistoryczna.pl\/wp-content\/uploads\/2021\/10\/Czarny-i-Kremowy-Zdje\u0328cie-Kolaz\u0307-Wpis-na-Facebooku-2.png","2048x2048-width":940,"2048x2048-height":788,"post-thumbnail":"https:\/\/api.orkiestrahistoryczna.pl\/wp-content\/uploads\/2021\/10\/Czarny-i-Kremowy-Zdje\u0328cie-Kolaz\u0307-Wpis-na-Facebooku-2.png","post-thumbnail-width":940,"post-thumbnail-height":788}},"title":"Drezno 1720 - w kr\u0119gu znajomych","artist":"Schreyfogel | Heinichen | Hasse | Quantz | Veracini | Fux","day":"czwartek, 19.30","date":"14 ' 10 ' 2021","city":"Praga","place":"Velkop\u0159evorsk\u00fd pal\u00e1c","description":"Zelenka Festival","link":"https:\/\/www.zelenkafestival.cz\/program-2021\/","canceled":false,"tickets_soon":false}},"translations":{"pl":{"slug":"koncert-w-pradze"},"en":{"slug":"koncert-w-pradze"}},"_links":{"self":[{"href":"https:\/\/api.orkiestrahistoryczna.pl\/index.php\/wp-json\/wp\/v2\/koncerty\/277"}],"collection":[{"href":"https:\/\/api.orkiestrahistoryczna.pl\/index.php\/wp-json\/wp\/v2\/koncerty"}],"about":[{"href":"https:\/\/api.orkiestrahistoryczna.pl\/index.php\/wp-json\/wp\/v2\/types\/koncerty"}],"wp:attachment":[{"href":"https:\/\/api.orkiestrahistoryczna.pl\/index.php\/wp-json\/wp\/v2\/media?parent=277"}],"wp:term":[{"taxonomy":"category_type","embeddable":true,"href":"https:\/\/api.orkiestrahistoryczna.pl\/index.php\/wp-json\/wp\/v2\/category_type?post=277"},{"taxonomy":"archieve_concerts","embeddable":true,"href":"https:\/\/api.orkiestrahistoryczna.pl\/index.php\/wp-json\/wp\/v2\/archieve_concerts?post=277"}],"curies":[{"name":"wp","href":"https:\/\/api.w.org\/{rel}","templated":true}]}}

Drezno 1720 - w kręgu znajomych

Velkopřevorský palác
