{"id":275,"date":"2021-10-01T10:39:12","date_gmt":"2021-10-01T10:39:12","guid":{"rendered":"https:\/\/api.orkiestrahistoryczna.pl\/?post_type=koncerty&#038;p=275"},"modified":"2022-02-17T13:42:05","modified_gmt":"2022-02-17T13:42:05","slug":"koncert-w-nospr","status":"publish","type":"koncerty","link":"https:\/\/api.orkiestrahistoryczna.pl\/index.php\/koncerty\/koncert-w-nospr\/","title":{"rendered":"Koncert w NOSPR"},"content":{"rendered":"","protected":false},"featured_media":0,"template":"","category_type":[],"archieve_concerts":[],"acf":{"koncert":{"image":{"ID":276,"id":276,"title":"235736349_4104946299624941_3422916892507435498_n","filename":"235736349_4104946299624941_3422916892507435498_n.jpeg","filesize":157576,"url":"https:\/\/api.orkiestrahistoryczna.pl\/wp-content\/uploads\/2021\/10\/235736349_4104946299624941_3422916892507435498_n.jpeg","link":"https:\/\/api.orkiestrahistoryczna.pl\/index.php\/koncerty\/koncert-w-nospr\/235736349_4104946299624941_3422916892507435498_n\/","alt":"Oh Orkiestra Historyczna","author":"3","description":"","caption":"","name":"235736349_4104946299624941_3422916892507435498_n","status":"inherit","uploaded_to":275,"date":"2021-10-01 10:36:50","modified":"2021-10-01 10:37:08","menu_order":0,"mime_type":"image\/jpeg","type":"image","subtype":"jpeg","icon":"https:\/\/api.orkiestrahistoryczna.pl\/wp-includes\/images\/media\/default.png","width":1500,"height":1001,"sizes":{"thumbnail":"https:\/\/api.orkiestrahistoryczna.pl\/wp-content\/uploads\/2021\/10\/235736349_4104946299624941_3422916892507435498_n-150x150.jpeg","thumbnail-width":150,"thumbnail-height":150,"medium":"https:\/\/api.orkiestrahistoryczna.pl\/wp-content\/uploads\/2021\/10\/235736349_4104946299624941_3422916892507435498_n-300x200.jpeg","medium-width":300,"medium-height":200,"medium_large":"https:\/\/api.orkiestrahistoryczna.pl\/wp-content\/uploads\/2021\/10\/235736349_4104946299624941_3422916892507435498_n-768x513.jpeg","medium_large-width":750,"medium_large-height":501,"large":"https:\/\/api.orkiestrahistoryczna.pl\/wp-content\/uploads\/2021\/10\/235736349_4104946299624941_3422916892507435498_n-1024x683.jpeg","large-width":750,"large-height":500,"1536x1536":"https:\/\/api.orkiestrahistoryczna.pl\/wp-content\/uploads\/2021\/10\/235736349_4104946299624941_3422916892507435498_n.jpeg","1536x1536-width":1500,"1536x1536-height":1001,"2048x2048":"https:\/\/api.orkiestrahistoryczna.pl\/wp-content\/uploads\/2021\/10\/235736349_4104946299624941_3422916892507435498_n.jpeg","2048x2048-width":1500,"2048x2048-height":1001,"post-thumbnail":"https:\/\/api.orkiestrahistoryczna.pl\/wp-content\/uploads\/2021\/10\/235736349_4104946299624941_3422916892507435498_n.jpeg","post-thumbnail-width":1500,"post-thumbnail-height":1001}},"title":"Kobieco\u015b\u0107 w uj\u0119ciu Telemanna","artist":"Georg Philipp Telemann","day":"pi\u0105tek, 19.30","date":"8 ' 10 ' 2021","city":"Katowice","place":"NOSPR","description":"","link":"https:\/\/nospr.org.pl\/pl\/kalendarz\/oh-orkiestra-historyczna-kobiecosc-w-ujeciu-georga-philippa","canceled":false,"tickets_soon":false}},"translations":{"pl":{"slug":"koncert-w-nospr"},"en":{"slug":"koncert-w-nospr"}},"_links":{"self":[{"href":"https:\/\/api.orkiestrahistoryczna.pl\/index.php\/wp-json\/wp\/v2\/koncerty\/275"}],"collection":[{"href":"https:\/\/api.orkiestrahistoryczna.pl\/index.php\/wp-json\/wp\/v2\/koncerty"}],"about":[{"href":"https:\/\/api.orkiestrahistoryczna.pl\/index.php\/wp-json\/wp\/v2\/types\/koncerty"}],"wp:attachment":[{"href":"https:\/\/api.orkiestrahistoryczna.pl\/index.php\/wp-json\/wp\/v2\/media?parent=275"}],"wp:term":[{"taxonomy":"category_type","embeddable":true,"href":"https:\/\/api.orkiestrahistoryczna.pl\/index.php\/wp-json\/wp\/v2\/category_type?post=275"},{"taxonomy":"archieve_concerts","embeddable":true,"href":"https:\/\/api.orkiestrahistoryczna.pl\/index.php\/wp-json\/wp\/v2\/archieve_concerts?post=275"}],"curies":[{"name":"wp","href":"https:\/\/api.w.org\/{rel}","templated":true}]}}

Kobiecość w ujęciu Telemanna

piątek, 19.30
