{"id":269,"date":"2021-08-31T14:43:41","date_gmt":"2021-08-31T14:43:41","guid":{"rendered":"https:\/\/api.orkiestrahistoryczna.pl\/?post_type=koncerty&#038;p=269"},"modified":"2022-02-18T20:25:12","modified_gmt":"2022-02-18T20:25:12","slug":"koncert-oh-orkiestry-historycznej-w-brnie","status":"publish","type":"koncerty","link":"https:\/\/api.orkiestrahistoryczna.pl\/index.php\/koncerty\/koncert-oh-orkiestry-historycznej-w-brnie\/","title":{"rendered":"Koncert {oh!} Orkiestry Historycznej w Brnie"},"content":{"rendered":"","protected":false},"featured_media":0,"template":"","category_type":[],"archieve_concerts":[],"acf":{"koncert":{"image":{"ID":270,"id":270,"title":"anifirlus","filename":"anifirlus.jpeg","filesize":229950,"url":"https:\/\/api.orkiestrahistoryczna.pl\/wp-content\/uploads\/2021\/08\/anifirlus.jpeg","link":"https:\/\/api.orkiestrahistoryczna.pl\/index.php\/koncerty\/koncert-oh-orkiestry-historycznej-w-brnie\/anifirlus\/","alt":"","author":"3","description":"","caption":"","name":"anifirlus","status":"inherit","uploaded_to":269,"date":"2021-08-31 14:38:07","modified":"2021-08-31 14:38:07","menu_order":0,"mime_type":"image\/jpeg","type":"image","subtype":"jpeg","icon":"https:\/\/api.orkiestrahistoryczna.pl\/wp-includes\/images\/media\/default.png","width":1500,"height":1001,"sizes":{"thumbnail":"https:\/\/api.orkiestrahistoryczna.pl\/wp-content\/uploads\/2021\/08\/anifirlus-150x150.jpeg","thumbnail-width":150,"thumbnail-height":150,"medium":"https:\/\/api.orkiestrahistoryczna.pl\/wp-content\/uploads\/2021\/08\/anifirlus-300x200.jpeg","medium-width":300,"medium-height":200,"medium_large":"https:\/\/api.orkiestrahistoryczna.pl\/wp-content\/uploads\/2021\/08\/anifirlus-768x513.jpeg","medium_large-width":750,"medium_large-height":501,"large":"https:\/\/api.orkiestrahistoryczna.pl\/wp-content\/uploads\/2021\/08\/anifirlus-1024x683.jpeg","large-width":750,"large-height":500,"1536x1536":"https:\/\/api.orkiestrahistoryczna.pl\/wp-content\/uploads\/2021\/08\/anifirlus.jpeg","1536x1536-width":1500,"1536x1536-height":1001,"2048x2048":"https:\/\/api.orkiestrahistoryczna.pl\/wp-content\/uploads\/2021\/08\/anifirlus.jpeg","2048x2048-width":1500,"2048x2048-height":1001,"post-thumbnail":"https:\/\/api.orkiestrahistoryczna.pl\/wp-content\/uploads\/2021\/08\/anifirlus.jpeg","post-thumbnail-width":1500,"post-thumbnail-height":1001}},"title":"Koncert w Brnie","artist":"G.P. Telemann | Leopold I | J.A. Losy","day":"sobota, godz. 18.00","date":"11 ' 09 ' 2021","city":"Brno","place":"Ko\u015bci\u00f3\u0142 \u015bw. Katarzyny","description":"","link":"","canceled":false,"tickets_soon":false}},"translations":{"pl":{"slug":"koncert-oh-orkiestry-historycznej-w-brnie"},"en":{"slug":"koncert-oh-orkiestry-historycznej-w-brnie"}},"_links":{"self":[{"href":"https:\/\/api.orkiestrahistoryczna.pl\/index.php\/wp-json\/wp\/v2\/koncerty\/269"}],"collection":[{"href":"https:\/\/api.orkiestrahistoryczna.pl\/index.php\/wp-json\/wp\/v2\/koncerty"}],"about":[{"href":"https:\/\/api.orkiestrahistoryczna.pl\/index.php\/wp-json\/wp\/v2\/types\/koncerty"}],"wp:attachment":[{"href":"https:\/\/api.orkiestrahistoryczna.pl\/index.php\/wp-json\/wp\/v2\/media?parent=269"}],"wp:term":[{"taxonomy":"category_type","embeddable":true,"href":"https:\/\/api.orkiestrahistoryczna.pl\/index.php\/wp-json\/wp\/v2\/category_type?post=269"},{"taxonomy":"archieve_concerts","embeddable":true,"href":"https:\/\/api.orkiestrahistoryczna.pl\/index.php\/wp-json\/wp\/v2\/archieve_concerts?post=269"}],"curies":[{"name":"wp","href":"https:\/\/api.w.org\/{rel}","templated":true}]}}

Kościół św. Katarzyny
