{"id":255,"date":"2021-08-09T17:53:39","date_gmt":"2021-08-09T17:53:39","guid":{"rendered":"https:\/\/api.orkiestrahistoryczna.pl\/?post_type=koncerty&#038;p=255"},"modified":"2022-02-18T20:24:37","modified_gmt":"2022-02-18T20:24:37","slug":"koncert-symfoniczny-coppola-olejniczak-pastuszka-vermeulen-oh-orkiestra-historyczna","status":"publish","type":"koncerty","link":"https:\/\/api.orkiestrahistoryczna.pl\/index.php\/koncerty\/koncert-symfoniczny-coppola-olejniczak-pastuszka-vermeulen-oh-orkiestra-historyczna\/","title":{"rendered":"Koncert Symfoniczny: Coppola, Olejniczak, Pastuszka, Vermeulen, {oh!} Orkiestra Historyczna"},"content":{"rendered":"","protected":false},"featured_media":0,"template":"","category_type":[],"archieve_concerts":[],"acf":{"koncert":{"image":{"ID":256,"id":256,"title":"15.08","filename":"15.08.jpeg","filesize":192192,"url":"https:\/\/api.orkiestrahistoryczna.pl\/wp-content\/uploads\/2021\/08\/15.08.jpeg","link":"https:\/\/api.orkiestrahistoryczna.pl\/index.php\/koncerty\/koncert-symfoniczny-coppola-olejniczak-pastuszka-vermeulen-oh-orkiestra-historyczna\/15-08\/","alt":"","author":"3","description":"","caption":"","name":"15-08","status":"inherit","uploaded_to":255,"date":"2021-08-09 17:47:57","modified":"2021-08-09 17:47:57","menu_order":0,"mime_type":"image\/jpeg","type":"image","subtype":"jpeg","icon":"https:\/\/api.orkiestrahistoryczna.pl\/wp-includes\/images\/media\/default.png","width":1200,"height":625,"sizes":{"thumbnail":"https:\/\/api.orkiestrahistoryczna.pl\/wp-content\/uploads\/2021\/08\/15.08-150x150.jpeg","thumbnail-width":150,"thumbnail-height":150,"medium":"https:\/\/api.orkiestrahistoryczna.pl\/wp-content\/uploads\/2021\/08\/15.08-300x156.jpeg","medium-width":300,"medium-height":156,"medium_large":"https:\/\/api.orkiestrahistoryczna.pl\/wp-content\/uploads\/2021\/08\/15.08-768x400.jpeg","medium_large-width":750,"medium_large-height":391,"large":"https:\/\/api.orkiestrahistoryczna.pl\/wp-content\/uploads\/2021\/08\/15.08-1024x533.jpeg","large-width":750,"large-height":390,"1536x1536":"https:\/\/api.orkiestrahistoryczna.pl\/wp-content\/uploads\/2021\/08\/15.08.jpeg","1536x1536-width":1200,"1536x1536-height":625,"2048x2048":"https:\/\/api.orkiestrahistoryczna.pl\/wp-content\/uploads\/2021\/08\/15.08.jpeg","2048x2048-width":1200,"2048x2048-height":625,"post-thumbnail":"https:\/\/api.orkiestrahistoryczna.pl\/wp-content\/uploads\/2021\/08\/15.08.jpeg","post-thumbnail-width":1200,"post-thumbnail-height":625}},"title":"Koncert Symfoniczny: Coppola, Olejniczak, Pastuszka, Vermeulen, {oh!} Orkiestra Historyczna","artist":"Kurpi\u0144ski | Lipi\u0144ski | Chopin | Go\u0142\u0105bek","day":"niedziela, godz. 21.00","date":"15 ' 08 ' 2021","city":"XVII Mi\u0119dzynarodowy Festiwal Muzyczny \"Chopin i jego Europa\" | Warszawa","place":"Sala Koncertowa Filharmonii Narodowej","description":"","link":"https:\/\/bilety.nifc.pl\/rezerwacja\/numerowane.html?ter_id=33491&ter_idt=990dc2a4738268cf6b5ff359fd943614","canceled":false,"tickets_soon":false}},"translations":{"pl":{"slug":"koncert-symfoniczny-coppola-olejniczak-pastuszka-vermeulen-oh-orkiestra-historyczna"},"en":{"slug":"koncert-symfoniczny-coppola-olejniczak-pastuszka-vermeulen-oh-orkiestra-historyczna"}},"_links":{"self":[{"href":"https:\/\/api.orkiestrahistoryczna.pl\/index.php\/wp-json\/wp\/v2\/koncerty\/255"}],"collection":[{"href":"https:\/\/api.orkiestrahistoryczna.pl\/index.php\/wp-json\/wp\/v2\/koncerty"}],"about":[{"href":"https:\/\/api.orkiestrahistoryczna.pl\/index.php\/wp-json\/wp\/v2\/types\/koncerty"}],"wp:attachment":[{"href":"https:\/\/api.orkiestrahistoryczna.pl\/index.php\/wp-json\/wp\/v2\/media?parent=255"}],"wp:term":[{"taxonomy":"category_type","embeddable":true,"href":"https:\/\/api.orkiestrahistoryczna.pl\/index.php\/wp-json\/wp\/v2\/category_type?post=255"},{"taxonomy":"archieve_concerts","embeddable":true,"href":"https:\/\/api.orkiestrahistoryczna.pl\/index.php\/wp-json\/wp\/v2\/archieve_concerts?post=255"}],"curies":[{"name":"wp","href":"https:\/\/api.w.org\/{rel}","templated":true}]}}

Kurpiński | Lipiński | Chopin | Gołąbek

XVII Międzynarodowy Festiwal Muzyczny "Chopin i jego Europa" | Warszawa
