{"id":237,"date":"2021-06-25T16:24:49","date_gmt":"2021-06-25T16:24:49","guid":{"rendered":"https:\/\/www.api-oh.softwarethings.pro\/?post_type=koncerty&#038;p=237"},"modified":"2022-06-07T11:03:55","modified_gmt":"2022-06-07T11:03:55","slug":"kromer-festival-biecz","status":"publish","type":"koncerty","link":"https:\/\/api.orkiestrahistoryczna.pl\/index.php\/koncerty\/kromer-festival-biecz\/","title":{"rendered":"Kromer Festival Biecz"},"content":{"rendered":"","protected":false},"featured_media":0,"template":"","category_type":[],"archieve_concerts":[],"acf":{"koncert":{"image":{"ID":242,"id":242,"title":"magdalena_halas","filename":"magdalena_halas.png","filesize":1175748,"url":"https:\/\/api.orkiestrahistoryczna.pl\/wp-content\/uploads\/2021\/06\/magdalena_halas.png","link":"https:\/\/api.orkiestrahistoryczna.pl\/index.php\/koncerty\/kromer-festival-biecz\/magdalena_halas\/","alt":"","author":"3","description":"","caption":"","name":"magdalena_halas","status":"inherit","uploaded_to":237,"date":"2021-07-03 10:21:51","modified":"2021-07-03 10:21:51","menu_order":0,"mime_type":"image\/png","type":"image","subtype":"png","icon":"https:\/\/api.orkiestrahistoryczna.pl\/wp-includes\/images\/media\/default.png","width":1080,"height":1080,"sizes":{"thumbnail":"https:\/\/api.orkiestrahistoryczna.pl\/wp-content\/uploads\/2021\/06\/magdalena_halas-150x150.png","thumbnail-width":150,"thumbnail-height":150,"medium":"https:\/\/api.orkiestrahistoryczna.pl\/wp-content\/uploads\/2021\/06\/magdalena_halas-300x300.png","medium-width":300,"medium-height":300,"medium_large":"https:\/\/api.orkiestrahistoryczna.pl\/wp-content\/uploads\/2021\/06\/magdalena_halas-768x768.png","medium_large-width":750,"medium_large-height":750,"large":"https:\/\/api.orkiestrahistoryczna.pl\/wp-content\/uploads\/2021\/06\/magdalena_halas-1024x1024.png","large-width":750,"large-height":750,"1536x1536":"https:\/\/api.orkiestrahistoryczna.pl\/wp-content\/uploads\/2021\/06\/magdalena_halas.png","1536x1536-width":1080,"1536x1536-height":1080,"2048x2048":"https:\/\/api.orkiestrahistoryczna.pl\/wp-content\/uploads\/2021\/06\/magdalena_halas.png","2048x2048-width":1080,"2048x2048-height":1080,"post-thumbnail":"https:\/\/api.orkiestrahistoryczna.pl\/wp-content\/uploads\/2021\/06\/magdalena_halas.png","post-thumbnail-width":1080,"post-thumbnail-height":1080}},"title":"Kromer Festival Biecz","artist":"\u201cIsola \u2013 \u017ar\u00f3d\u0142os\u0142\u00f3w izolacji\u201d","day":"niedziela, godz. 19:00","date":"01 ' 08 ' 2021","city":"Biecz","place":"Kolegiata pw. Bo\u017cego Cia\u0142a w Bieczu","description":"Dorota Szczepa\u0144ska - sopran | Martyna Pastuszka - skrzypce, kierownictwo artystyczne | {oh!} Orkiestra Historyczna","link":"http:\/\/kromerfestivalbiecz.pl\/","canceled":false,"tickets_soon":false}},"translations":{"pl":{"slug":"kromer-festival-biecz"},"en":{"slug":"kromer-festival-biecz"}},"_links":{"self":[{"href":"https:\/\/api.orkiestrahistoryczna.pl\/index.php\/wp-json\/wp\/v2\/koncerty\/237"}],"collection":[{"href":"https:\/\/api.orkiestrahistoryczna.pl\/index.php\/wp-json\/wp\/v2\/koncerty"}],"about":[{"href":"https:\/\/api.orkiestrahistoryczna.pl\/index.php\/wp-json\/wp\/v2\/types\/koncerty"}],"wp:attachment":[{"href":"https:\/\/api.orkiestrahistoryczna.pl\/index.php\/wp-json\/wp\/v2\/media?parent=237"}],"wp:term":[{"taxonomy":"category_type","embeddable":true,"href":"https:\/\/api.orkiestrahistoryczna.pl\/index.php\/wp-json\/wp\/v2\/category_type?post=237"},{"taxonomy":"archieve_concerts","embeddable":true,"href":"https:\/\/api.orkiestrahistoryczna.pl\/index.php\/wp-json\/wp\/v2\/archieve_concerts?post=237"}],"curies":[{"name":"wp","href":"https:\/\/api.w.org\/{rel}","templated":true}]}}

“Isola – źródłosłów izolacji”

Kolegiata pw. Bożego Ciała w Bieczu

Dorota Szczepańska - sopran | Martyna Pastuszka - skrzypce, kierownictwo artystyczne | {oh!} Orkiestra Historyczna
